{"id":105,"date":"2015-02-04T17:57:37","date_gmt":"2015-02-04T16:57:37","guid":{"rendered":"http:\/\/aeroclubdemorlaix.fr\/wordpress\/?page_id=105"},"modified":"2026-01-26T11:49:11","modified_gmt":"2026-01-26T09:49:11","slug":"baptemes-de-lair","status":"publish","type":"page","link":"http:\/\/aeroclubdemorlaix.fr\/?page_id=105","title":{"rendered":"Vol d\u00e9couverte"},"content":{"rendered":"<h1>Envolez-vous&#8230;<\/h1>\n<h2>&#8230; et d\u00e9couvrez la baie de Morlaix<\/h2>\n<p>Les vols d\u00e9couverte (bapt\u00eames de l&#8217;air) ont lieu tous les jours de l&#8217;ann\u00e9e quand la m\u00e9t\u00e9o le permet.<\/p>\n<p>3 circuits sont propos\u00e9s :<\/p>\n<p>(deux passagers minimum par avion)<\/p>\n<p>N\u00b01 : une boucle vers le Ch\u00e2teau du Taureau et Carantec<\/p>\n<p>N\u00b02 : une boucle vers Roscoff et l&#8217;Ile de Batz<\/p>\n<p>N\u00b03 : une boucle vers Locquirec<\/p>\n<p><a href=\"http:\/\/aeroclubdemorlaix.fr\/wordpress\/wp-content\/uploads\/2023\/04\/VD-2.jpg\"><img loading=\"lazy\" class=\"alignnone size-full wp-image-775\" src=\"http:\/\/aeroclubdemorlaix.fr\/wordpress\/wp-content\/uploads\/2023\/04\/VD-2.jpg\" alt=\"\" width=\"868\" height=\"513\" srcset=\"http:\/\/aeroclubdemorlaix.fr\/wordpress\/wp-content\/uploads\/2023\/04\/VD-2.jpg 868w, http:\/\/aeroclubdemorlaix.fr\/wordpress\/wp-content\/uploads\/2023\/04\/VD-2-300x177.jpg 300w, http:\/\/aeroclubdemorlaix.fr\/wordpress\/wp-content\/uploads\/2023\/04\/VD-2-768x454.jpg 768w\" sizes=\"(max-width: 868px) 100vw, 868px\" \/><\/a><\/p>\n<p>Id\u00e9e cadeau : Offrez un vol d\u00e9couverte. La baie de Morlaix vue d\u2019avion est un cadeau inoubliable. Nous contacter par t\u00e9l\u00e9phone pour acqu\u00e9rir les bons-cadeaux (utilisables dans les 2 ans \u00e0 partir de la date d&#8217;achat).<\/p>\n<p><strong>Nos tarifs \u00e0 compter du 1er f\u00e9vier 2026 <\/strong>:<\/p>\n<p>Circuit n\u00b01 (20 minutes, 2 passagers minimum) :\u00a0 100 \u20ac par personne,\u00a0 80 \u20ac pour enfant de moins de 12 ans.<\/p>\n<p>Circuit n\u00b02 et n\u00b03 (30 minutes, 2 passagers minimum) :\u00a0 120 \u20ac par personne,\u00a0 100 \u20ac pour enfant de moins de 12 ans,<\/p>\n<p>Circuit pour une personne seule : 200 \u20ac.<\/p>\n<p>Circuit Avion \u00e9lectrique V\u00e9lis Electro, 1 personne seulement 20 min &#8211; 100 \u20ac ( offre valable uniquement jusqu&#8217;au 06 juin 2026).<\/p>\n<p><strong>Vol &#8220;D\u00e9couverte Pr\u00e9mium&#8221;<\/strong> (seul avec un de nos instructeurs) 30 minutes de vol avec briefing et d\u00e9briefing personnalis\u00e9s : 240 \u20ac<\/p>\n<p>Paiement : Ch\u00e8ques, Virement bancaire, CB, Esp\u00e8ces, Ch\u00e8que vacances.<\/p>\n","protected":false},"excerpt":{"rendered":"<p>Envolez-vous&#8230; &#8230; et d\u00e9couvrez la baie de Morlaix Les vols d\u00e9couverte (bapt\u00eames de l&#8217;air) ont lieu tous les jours de l&#8217;ann\u00e9e quand la m\u00e9t\u00e9o le permet. 3 circuits sont propos\u00e9s : (deux passagers minimum par avion) N\u00b01 : une boucle vers le Ch\u00e2teau du Taureau et Carantec N\u00b02 : une boucle vers Roscoff et l&#8217;Ile [&hellip;]<\/p>\n","protected":false},"author":1,"featured_media":0,"parent":0,"menu_order":0,"comment_status":"open","ping_status":"open","template":"","meta":[],"_links":{"self":[{"href":"http:\/\/aeroclubdemorlaix.fr\/index.php?rest_route=\/wp\/v2\/pages\/105"}],"collection":[{"href":"http:\/\/aeroclubdemorlaix.fr\/index.php?rest_route=\/wp\/v2\/pages"}],"about":[{"href":"http:\/\/aeroclubdemorlaix.fr\/index.php?rest_route=\/wp\/v2\/types\/page"}],"author":[{"embeddable":true,"href":"http:\/\/aeroclubdemorlaix.fr\/index.php?rest_route=\/wp\/v2\/users\/1"}],"replies":[{"embeddable":true,"href":"http:\/\/aeroclubdemorlaix.fr\/index.php?rest_route=%2Fwp%2Fv2%2Fcomments&post=105"}],"version-history":[{"count":39,"href":"http:\/\/aeroclubdemorlaix.fr\/index.php?rest_route=\/wp\/v2\/pages\/105\/revisions"}],"predecessor-version":[{"id":872,"href":"http:\/\/aeroclubdemorlaix.fr\/index.php?rest_route=\/wp\/v2\/pages\/105\/revisions\/872"}],"wp:attachment":[{"href":"http:\/\/aeroclubdemorlaix.fr\/index.php?rest_route=%2Fwp%2Fv2%2Fmedia&parent=105"}],"curies":[{"name":"wp","href":"https:\/\/api.w.org\/{rel}","templated":true}]}}